 Suppose z = -5*m + 26, 7*m - f = 2*m + z. What is the units digit of m?
6
Let j(m) = -m**3 + 2*m**2 + m + 2. Suppose 0 = 4*l - 2*l + 4. Let x be ((-4)/6)/(l/(-6)). What is the tens digit of j(x)?
1
Let a be 81 + 2/(-8)*0. Suppose -10*o = -7*o - a. What is the tens digit of o?
2
What is the units digit of (2 - (-8)/(-10))/((-6)/(-20))?
4
Suppose -3*n + 67 = 4*u - 2, 5*u = -2*n + 53. What is the units digit of n?
9
Let i(a) = a**2 - 8*a + 9. Let y be (1 - -7) + 0 + 0. What is the units digit of i(y)?
9
Suppose -3 - 37 = -4*d. Suppose -u - 3 = -d. What is the units digit of u?
7
Suppose -2*d - 97 = -r, -5*r + d + 468 = -8. What is the tens digit of r?
9
Suppose -8 = -v + 12. What is the tens digit of v?
2
Suppose -5*d = -5*i + 150, 0*i - 2*i - d + 51 = 0. Let p = i - 13. What is the units digit of p?
4
Suppose 7*p = 3*p + 80. Let b = p + -11. What is the units digit of b?
9
Let s(l) = -3*l**2 + 4*l. Let j be s(-5). What is the units digit of 3/(-4) + j/(-20)?
4
What is the units digit of (12/4)/(-1) - -63?
0
Let q(o) = 4*o - 2 - 2 - 2*o - o. Let u be q(0). Let i(s) = -s + 4. What is the units digit of i(u)?
8
Suppose -3*d = -4*s, -4*d = -2*s - 4 - 6. What is the units digit of 116/14 - d/14?
8
Let a(j) = -3*j + 74. What is the tens digit of a(12)?
3
Let q be (6/(-4))/(12/(-400)). Suppose -q = -3*w - 11. What is the tens digit of w?
1
Let t be -1*(0 + 3 + -5). Suppose s - 66 = -t*s. What is the units digit of s?
2
Let d(n) = 5*n - 6. Let j(l) = 6*l - 5. Let y(f) = -5*d(f) + 4*j(f). Suppose 6*r - 2*a - 22 = 2*r, -5*r + 20 = -5*a. What is the units digit of y(r)?
3
Suppose 0 = -3*w + w. Suppose w = -q - 1 + 5. Suppose o - 5*d + 6 = 0, 0*d = -q*o - d + 18. What is the units digit of o?
4
Suppose 4*c + 10*x = 5*x - 1, 2*c - 2 = -2*x. Let d = 6 + c. Suppose w - d = -2*w. What is the units digit of w?
4
Let i(w) = 2*w**2 - w + 3. What is the units digit of i(3)?
8
Let u(p) = -p**2 - 10*p - 7. Let a be u(-8). Suppose -4*l + a = -l. What is the units digit of l + (3 - 4) + 3?
5
Suppose -3*z = -2*h - 71 - 30, 0 = -5*z + h + 173. What is the tens digit of z?
3
Suppose -2*y - 16 + 1 = 5*k, 0 = -4*y - 3*k + 5. Suppose 2*g - y*g = -48. What is the units digit of g?
6
Let u(w) = 10*w + 22. What is the tens digit of u(5)?
7
Suppose 6*r - r = 5*t + 35, 2*r = 3*t + 11. Suppose z - 6 = s, 0 = -5*s - r - 10. What is the units digit of z?
2
Let h(m) = m**3 - 2*m**2 - 7*m. What is the units digit of h(5)?
0
Suppose 719 = 6*n - 49. What is the units digit of n?
8
Suppose 4*g = -3*h - h, -4*h - 3*g = -3. Let a be 8*3 - (-6)/h. Suppose 4*m + a = 5*l, -2*l = m + m - 14. What is the units digit of l?
6
Let u = 23 - 15. What is the units digit of u?
8
Suppose 2*f - 2 = -4*x + 2, 0 = f + 5*x - 8. Suppose 0 = -r + 2*r - 3. Let t = r + f. What is the units digit of t?
1
Let j(b) = -b - 8. Let z be j(-7). Suppose 0 = -5*g - 4*q - 20, -2*g = -g - q + 4. Let d = z - g. What is the units digit of d?
3
Let p(j) = -6*j - 16. What is the units digit of p(-9)?
8
Let c(v) = -v**2 + 18*v + 30. What is the tens digit of c(15)?
7
Let w = 5 + -3. Suppose -u = w*u - 54. What is the tens digit of u?
1
Let k(d) = -3*d. Let q be k(-6). What is the units digit of (q/10)/((-6)/(-30))?
9
Let y(u) = -2*u**2 - 11*u + 2. Let s be y(-8). Let r = 62 + s. What is the units digit of r?
4
Suppose 0*d + 2*d - 34 = 0. Suppose -2*g + 40 = 2*g. Let n = d - g. What is the units digit of n?
7
Suppose 0 = -2*s - s + 12. Suppose -s*l = -5*p + l - 35, l - 31 = 5*p. What is the units digit of 7/42 - 29/p?
5
Suppose -w + 6 = w. Let i be 20/(-6)*(-9 + w). Let r = i + -12. What is the units digit of r?
8
What is the units digit of (1 - -30*9/6) + -3?
3
Let a = -153 + 275. Let m = a - 74. What is the units digit of m?
8
Let m be (3 - -27)/(-1) + 2. Let g = -3 - m. What is the tens digit of g?
2
Let l be ((-84)/(-18))/(1/3). Suppose d = l + 1. What is the tens digit of d?
1
Suppose -5*a = v - 236, 0 = -5*v - 20 - 0. What is the units digit of a?
8
What is the tens digit of (-2)/(-6)*(-7 + 136)?
4
Let f(t) = t**2 - t + 1. Let s(a) = 3*a**2 - 9*a - 6. Let c(x) = -2*f(x) + s(x). What is the tens digit of c(9)?
1
Suppose o - 66 = -2*o. Let w = o + -11. What is the units digit of w?
1
Let q(h) = h**3 + 13*h**2 - 15*h + 3. What is the tens digit of q(-14)?
1
Suppose 7 = m - w, -4*m + 5*w = -0*w - 31. Suppose -8 = -m*q, 5*q - 20 = 5*b - 120. What is the tens digit of b?
2
Suppose 0 = 6*t - 2*t - 32. What is the units digit of t - (3 - 0 - 4)?
9
Let b(l) = -l**3 + 3*l**2 - 2*l - 2. Let g be b(3). Let m = g + 10. What is the units digit of m?
2
Suppose -16 = 2*r - 0*r. Let u = 9 + r. What is the units digit of u?
1
Let u(b) = b**2 + 15. Let a be u(0). Let z = -10 + a. Suppose 0 = -w + z - 4. What is the units digit of w?
1
Suppose -5*m - 5 = -0. What is the units digit of (2 + m)*(0 - -1)?
1
Let n = 9 + -3. Let l be n*(-3)/(-6)*-1. Let f(w) = w**3 + 3*w**2 - w + 2. What is the units digit of f(l)?
5
What is the units digit of (11/3)/(4/12)?
1
Let f(z) = 43*z - 3. What is the units digit of f(5)?
2
Suppose -16 = -2*a - x, -x - 2 = -6. Suppose 0 = 3*d + 12, 3*d - a = -l - 0*d. Suppose -l = -w - 2*w - 3*t, 0 = 2*w - 5*t + 23. What is the units digit of w?
1
Let x = 32 - -65. What is the units digit of x?
7
Suppose w = 3*r - w - 122, 5*r - 5*w - 210 = 0. What is the tens digit of r?
3
Suppose 0 = -0*o - 4*o - 40. Let t(f) = -2*f**2 - 2*f + 6. Let j be t(5). What is the units digit of j/o + 8/(-20)?
5
Let g(q) = -7*q - 1. Let y be g(1). Let j = -4 - 1. Let u = j - y. What is the units digit of u?
3
Let n = -3 + 4. Let t be 2 + 1 - n - -2. Suppose 3*b - 3*f + f - 6 = 0, -t*b = f - 19. What is the units digit of b?
4
Suppose -240 = -7*k + 2*k + 4*d, k + 4*d = 72. What is the tens digit of (1/2)/(2/k)?
1
Suppose 3*t = 12, j = 3*t - t - 5. Suppose 4*r + 3*r = 0. Suppose j*l - 27 = -r*l. What is the units digit of l?
9
What is the hundreds digit of (-2)/11 + 14*184/11?
2
Suppose f - 940 = -3*f. What is the tens digit of f?
3
Let i(g) = -g**2 - 3*g + 2. Let h be i(-3). Suppose -4*n = -4*w - 28, -8 = -h*n - 3*w + 2*w. What is the units digit of n?
5
What is the hundreds digit of 3018/15 + (2 - 6/5)?
2
Suppose 21 = -3*v - 27. Let l = -7 - v. What is the units digit of (0 - 1/1) + l?
8
Let g = 0 + 0. Suppose -4*p - 2*t = -8, t + g = -2. Let x = 4 + p. What is the units digit of x?
7
Suppose -3*w + 210 = 3*o, -3*w + w + 145 = 3*o. What is the tens digit of w?
6
Let m be 4/(-2)*(-14)/(-4). Let s = m + 12. What is the units digit of s?
5
Let w = -2 + 6. Suppose -w*u = -3*q - 17, -u - 3*q - 2 = -2*u. What is the units digit of u?
5
Suppose p - 2*z + 17 = 3, 62 = -5*p + 2*z. Let i = p - -18. What is the units digit of i?
6
Let n be (-1 + 1)/(-1 - -2). Suppose 0 = -s - n*p - 3*p - 3, -1 = p. Suppose -l + 2*l - 8 = s. What is the units digit of l?
8
Suppose 3 - 11 = -4*i. Suppose -3*u - 2*k + 90 + 56 = 0, 109 = 2*u - k. Suppose -u = -2*d - i*d. What is the tens digit of d?
1
Let z = 60 - 38. What is the tens digit of z?
2
What is the units digit of ((-3)/2)/((-36)/168)?
7
Let q(u) = 3*u**3 + 24*u**2 + 5*u + 13. What is the hundreds digit of q(-7)?
1
Suppose 60 = x + 3*x. What is the units digit of 384/x - 2/(-5)?
6
Let m be 12/(-10)*10/(-4). What is the units digit of m/(-3)*1*-9?
9
What is the hundreds digit of (6/9)/((-2)/(-798))?
2
Let b = 10 - 7. Let a be b + 3 + 12/3. Let f = a - 4. What is the units digit of f?
6
Suppose 2*h - 156 = -2*h. What is the tens digit of h?
3
Let w(m) = -m**2 - 11*m - 8. Suppose -4*f + 35 = -9*f. What is the tens digit of w(f)?
2
Let r = -31 - -55. Let b = r - 5. What is the units digit of b?
9
Let w(f) = 3*f - 79. Let v(d) = d - 40. Let n(h) = -7*v(h) + 3*w(h). What is the tens digit of n(0)?
4
Suppose 0 = -26*y + 22*y + 104. What is the tens digit of y?
2
Let o = -17 + 27. Suppose -p + o + 9 = 0. What is the tens digit of p?
1
Suppose 81*l = 74*l + 329. What is the units digit of l?
7
Let i(v) = -v**3 - v**2 + 7. Let b be i(0). Suppose -2*z - 105 = -b*z. What is the tens digit of z?
2
Let x be (-122)/(-15) - (-6)/(-45). Suppose -4*t + 44 = x. What is the units digit of t?
9
Let b = -13 - 8. Let w be -6*2 - 0/3. What is the units digit of b/w - 2/(-8)?
2
Let b be (-1)/(-2) + 1/(-2). Suppose b*c - 3*c + 62 = u